ighest common divisor of 132 and 165?
33
What is the highest common divisor of 4 and 170?
2
What is the highest common divisor of 38 and 4?
2
What is the greatest common factor of 142 and 34861?
71
Calculate the greatest common divisor of 48 and 648.
24
Calculate the greatest common factor of 42 and 54.
6
Calculate the highest common factor of 39 and 42.
3
What is the highest common divisor of 57 and 19?
19
Calculate the highest common divisor of 100 and 1440.
20
Calculate the highest common divisor of 498 and 6.
6
What is the greatest common factor of 38 and 6612?
38
What is the highest common divisor of 256 and 248?
8
Calculate the highest common divisor of 116 and 1334.
58
Calculate the greatest common factor of 1729 and 91.
91
Calculate the greatest common divisor of 270 and 10.
10
What is the highest common divisor of 4257 and 17501?
473
Calculate the greatest common factor of 135 and 105.
15
Calculate the greatest common divisor of 1856 and 224.
32
Calculate the greatest common factor of 17 and 17.
17
What is the greatest common factor of 184 and 2806?
46
What is the greatest common divisor of 511 and 1387?
73
What is the highest common divisor of 559 and 344?
43
What is the greatest common factor of 10 and 970?
10
Calculate the greatest common factor of 128 and 1.
1
What is the highest common factor of 6 and 4857?
3
What is the highest common factor of 209 and 22?
11
What is the greatest common factor of 63 and 486?
9
Calculate the greatest common factor of 32 and 2.
2
What is the highest common divisor of 10 and 30?
10
Calculate the highest common divisor of 16 and 424.
8
What is the highest common divisor of 306 and 12?
6
Calculate the highest common divisor of 161 and 207.
23
What is the highest common divisor of 940 and 2068?
188
Calculate the highest common factor of 1125 and 625.
125
Calculate the highest common factor of 12103 and 182.
91
What is the highest common divisor of 560 and 120?
40
What is the highest common divisor of 824 and 1854?
206
What is the highest common factor of 108 and 1872?
36
Calculate the greatest common factor of 2405 and 65.
65
What is the highest common factor of 297 and 11?
11
What is the greatest common divisor of 38610 and 27?
27
What is the highest common divisor of 63 and 9?
9
Calculate the highest common factor of 42 and 462.
42
Calculate the greatest common divisor of 1188 and 132.
132
What is the greatest common divisor of 324 and 156?
12
Calculate the highest common factor of 186 and 6.
6
Calculate the greatest common divisor of 170 and 1955.
85
What is the greatest common divisor of 31 and 14353?
31
What is the greatest common divisor of 4340 and 40?
20
Calculate the greatest common divisor of 12 and 324.
12
What is the greatest common factor of 1210 and 10?
10
Calculate the highest common factor of 209 and 779.
19
What is the greatest common divisor of 1512 and 3?
3
Calculate the highest common divisor of 81 and 1017.
9
What is the highest common factor of 750 and 90?
30
Calculate the highest common divisor of 39 and 21.
3
What is the greatest common divisor of 210 and 2226?
42
What is the greatest common divisor of 60 and 660?
60
Calculate the highest common divisor of 1290 and 120.
30
Calculate the greatest common factor of 12 and 14.
2
Calculate the highest common divisor of 84 and 300.
12
Calculate the highest common divisor of 7610 and 10.
10
Calculate the highest common factor of 2873 and 85.
17
What is the highest common factor of 64 and 3520?
64
What is the highest common divisor of 735 and 105?
105
Calculate the highest common factor of 220 and 20.
20
Calculate the greatest common divisor of 26 and 1222.
26
What is the greatest common factor of 650 and 2080?
130
What is the highest common divisor of 10 and 43390?
10
Calculate the greatest common divisor of 32895 and 153.
153
Calculate the highest common factor of 28 and 154.
14
What is the highest common factor of 154 and 4378?
22
What is the highest common divisor of 24 and 564?
12
Calculate the greatest common factor of 3724 and 152.
76
Calculate the highest common divisor of 71 and 1775.
71
Calculate the greatest common divisor of 65 and 40.
5
What is the greatest common divisor of 4992 and 352?
32
What is the highest common divisor of 1432 and 179?
179
What is the highest common divisor of 93 and 682?
31
Calculate the greatest common factor of 6415 and 5.
5
Calculate the greatest common divisor of 2151 and 9.
9
What is the highest common factor of 378 and 14?
14
What is the greatest common divisor of 12 and 1356?
12
Calculate the greatest common factor of 35 and 16520.
35
What is the greatest common divisor of 60 and 90?
30
What is the greatest common factor of 27 and 26946?
27
Calculate the greatest common factor of 154 and 374.
22
Calculate the greatest common factor of 7 and 224.
7
Calculate the highest common factor of 272 and 17.
17
What is the greatest common divisor of 27 and 144?
9
Calculate the greatest common factor of 68 and 48.
4
What is the greatest common divisor of 138 and 108?
6
What is the greatest common divisor of 11 and 1221?
11
Calculate the highest common divisor of 5933 and 51.
17
Calculate the greatest common divisor of 70 and 105.
35
Calculate the greatest common factor of 63 and 119.
7
Calculate the greatest common divisor of 165 and 15070.
55
What is the greatest common factor of 30 and 710?
10
What is the highest common divisor of 31 and 589?
31
Calculate the highest common factor of 387 and 9.
9
What is the greatest common factor of 88 and 2794?
22
Calculate the highest common divisor of 15 and 645.
15
Calculate the highest common divisor of 96 and 3.
3
Calculate the greatest common divisor of 55 and 170.
5
What is the highest common divisor of 10 and 25?
5
What is the greatest common factor of 39 and 104?
13
Calculate the highest common divisor of 8975 and 50.
25
What is the greatest common factor of 1235 and 7885?
95
Calculate the highest common factor of 1464 and 24.
24
Calculate the greatest common factor of 4 and 146.
2
What is the highest common factor of 24 and 144?
24
Calculate the greatest common factor of 24143 and 7.
7
Calculate the highest common divisor of 4136 and 44.
44
What is the greatest common divisor of 82 and 164?
82
What is the highest common factor of 931 and 49?
49
What is the highest common factor of 96 and 1296?
48
Calculate the highest common divisor of 410 and 235.
5
Calculate the highest common divisor of 3 and 27849.
3
What is the greatest common factor of 1152 and 36?
36
What is the highest common divisor of 10 and 520?
10
Calculate the greatest common factor of 1012 and 44.
44
Calculate the greatest common divisor of 1944 and 24.
24
What is the greatest common divisor of 143 and 819?
13
What is the greatest common factor of 705 and 100?
5
Calculate the highest common factor of 16146 and 138.
138
What is the highest common divisor of 17777 and 29?
29
Calculate the highest common factor of 56 and 7.
7
Calculate the greatest common factor of 176 and 660.
44
Calculate the highest common factor of 516 and 43.
43
Calculate the greatest common factor of 65 and 26.
13
What is the greatest common divisor of 40 and 24?
8
What is the greatest common factor of 224 and 70?
14
What is the greatest common factor of 25550 and 50?
50
Calculate the highest common divisor of 150 and 1450.
50
What is the highest common factor of 92 and 644?
92
What is the greatest common divisor of 112 and 16?
16
Calculate the greatest common divisor of 59 and 1593.
59
Calculate the highest common factor of 48 and 2064.
48
What is the greatest common factor of 3146 and 11?
11
Calculate the highest common factor of 54 and 1674.
54
What is the greatest common divisor of 209 and 361?
19
What is the highest common factor of 14 and 1869?
7
What is the greatest common factor of 23 and 4117?
23
Calculate the highest common factor of 16 and 2528.
16
Calculate the greatest common divisor of 12 and 324.
12
Calculate the highest common factor of 133 and 171.
19
Calculate the highest common factor of 99 and 11.
11
What is the greatest common divisor of 378 and 28?
14
Calculate the greatest common divisor of 20 and 7660.
20
What is the highest common factor of 352 and 256?
32
What is the greatest common divisor o